base 3) to base 8
-45675367
4875dd (base 14) to base 15
33e7c2
Convert -30021032033 (base 4) to base 5.
-1303333003
-100102122101 (base 3) to base 2
-101101010100100011
What is 35347 (base 11) in base 12?
25614
Convert 71125076 (base 8) to base 10.
14985790
What is -312722 (base 10) in base 14?
-81d74
What is 557711 (base 12) in base 13?
388600
-11042233 (base 5) to base 6
-2023024
Convert -8507143 (base 9) to base 3.
-22120021011110
What is 122002221222 (base 3) in base 13?
ba395
-130122322231 (base 4) to base 11
-4229567
What is a382 (base 12) in base 15?
5425
Convert 42b22 (base 15) to base 7.
1541240
What is -5bcc53 (base 14) in base 3?
-12220212221101
Convert 15919 (base 16) to base 13.
3129a
-100001100011001101100 (base 2) to base 15
-16ab17
-2004525 (base 6) to base 4
-113002211
Convert 22cb9 (base 15) to base 4.
123010122
-11322221 (base 5) to base 16
-198ee
1424511125 (base 6) to base 16
10c4bfd
What is -242a23 (base 11) in base 5?
-44301223
What is 1512851 (base 10) in base 12?
60b5ab
Convert 24b353 (base 12) to base 16.
9282f
1271127 (base 9) to base 15
db4a1
What is 1011234340 (base 5) in base 13?
56c839
Convert 358747 (base 10) to base 2.
1010111100101011011
Convert 102230222 (base 5) to base 13.
120999
8841b (base 12) to base 7
1350455
Convert 32bdc (base 16) to base 9.
346078
Convert -190150 (base 15) to base 12.
-4a7370
What is 11420213402 (base 5) in base 12?
4604704
What is -32580 (base 9) in base 4?
-11101302
Convert -505662 (base 11) to base 4.
-3012122200
What is -29142 (base 14) in base 13?
-37435
-100210001022102 (base 3) to base 9
-10701272
What is -10d223 (base 14) in base 15?
-b50b4
What is 202b9 (base 13) in base 4?
32010030
Convert 1514011 (base 6) to base 4.
111122113
What is 1085768 (base 9) in base 6?
20335055
1032022110 (base 4) to base 16
4e294
What is 30322033212 (base 4) in base 6?
200312010
699a2 (base 11) to base 16
18aa2
-2998328 (base 10) to base 3
-12122022221012
-10101142 (base 5) to base 13
-2b0a3
Convert -1202403 (base 5) to base 7.
-121543
What is -1122120223 (base 5) in base 16?
-26b108
4d2d07 (base 14) to base 12
a82763
What is -1526620 (base 7) in base 11?
-132a06
What is 5797 (base 14) in base 5?
441400
Convert -20121142 (base 5) to base 12.
-79079
What is 14c52 (base 14) in base 13?
1a77b
2021022000 (base 5) to base 2
1111100100000000001001
What is 752052 (base 8) in base 16?
3d42a
What is 212120122211121 (base 3) in base 15?
1178011
What is -662326 (base 7) in base 14?
-3044d
What is -1c8d7 (base 15) in base 6?
-1555051
Convert 185a51 (base 11) to base 3.
112112110022
What is -5046111 (base 9) in base 15?
-381644
49999 (base 10) to base 8
141517
-a00858 (base 12) to base 4
-21133303010
Convert 175312 (base 13) to base 11.
3688a2
What is -2a412a (base 12) in base 16?
-addb2
6263426 (base 8) to base 14
3149b8
55e7b7 (base 15) to base 8
17505665
Convert -c822e9 (base 15) to base 9.
-18826653
What is -12211224 (base 5) in base 10?
-116439
-3433244110 (base 5) to base 12
-26bb245
-1090850 (base 12) to base 11
-18785a1
What is 7258909 (base 10) in base 5?
3324241114
What is -10100000000011100001101 (base 2) in base 12?
-190b151
-523771 (base 12) to base 16
-13b685
20220111121212 (base 3) to base 15
4c7a65
Convert 10336 (base 13) to base 15.
895d
-12001100200 (base 3) to base 15
-1e6c0
Convert -22f7c (base 16) to base 14.
-3a2a8
10100010000001101111 (base 2) to base 16
a206f
68a19 (base 12) to base 14
38ca9
Convert 233d59 (base 14) to base 5.
301424010
47701 (base 11) to base 3
10111021112
Convert 1d38a9 (base 14) to base 8.
3775215
What is 1949837 (base 13) in base 12?
2945585
1346102 (base 7) to base 10
179783
3031300302 (base 4) to base 2
11001101110000110010
Convert -4363163 (base 7) to base 5.
-114132141
4372285 (base 9) to base 12
95431b
1cd811 (base 15) to base 12
58155a
What is -159588 (base 10) in base 9?
-262820
10610344 (base 7) to base 8
3422365
What is 97c8c (base 14) in base 9?
620013
Convert -211133220 (base 5) to base 14.
-18cc03
Convert -1010201112122 (base 3) to base 15.
-be2ab
-3c3e74 (base 16) to base 15
-52ec4d
86502 (base 9) to base 12
29185
Convert 122b07 (base 15) to base 16.
d45e1
-3715a (base 12) to base 9
-123187
Convert 2018c3 (base 13) to base 7.
6225533
-115214550 (base 6) to base 11
-127aa77
114140430 (base 5) to base 10
536990
Convert -19451a (base 14) to base 12.
-372310
Convert -1a8d61 (base 14) to base 10.
-946569
Convert -120133000 (base 4) to base 5.
-11202123
-1111001101011011000 (base 2) to base 12
-200508
What is -1340313124 (base 5) in base 8?
-15116152
Convert 37562 (base 11) to base 2.
1101001010011001
What is 233003230 (base 4) in base 10?
192748
-312046 (base 9) to base 6
-3545240
What is -4673464 (base 8) in base 11?
-7a14a8
1110101001100 (base 3) to base 6
24335443
What is -6bcfd6 (base 16) in base 7?
-114025203
What is -44dd1 (base 14) in base 12?
-80a37
Convert 132560 (base 9) to base 5.
10040044
What is -1a26c67 (base 13) in base 14?
-1202780
-294513 (base 13) to base 4
-3312122010
Convert -1050656 (base 7) to base 9.
-217272
Convert 1033111123 (base 4) to base 5.
40344310
Convert -362072 (base 9) to base 14.
-59660
What is 10023010032 (base 4) in base 5?
240001102
Convert 101101111001011101111 (base 2) to base 9.
2742062
28c5b4 (base 13) to base 14
1bdc06
What is -20303054 (base 6) in base 15?
-b8007
What is b9792 (base 15) in base 3?
1002220220102
Convert 11314516 (base 7) to base 5.
223330034
-3312321 (base 5) to base 14
-16bc7
What is 5119a7 (base 12) in base 2?
100110101100101001111
Convert -4a573 (base 12) to base 15.
-1ee06
Convert 40327 (base 10) to base 12.
1b407
13022224 (base 6) to base 3
210111021021
What is 14410330 (base 6) in base 16?
79d8e
Convert 433682 (base 9) to base 11.
167345
1111100110010 (base 2) to base 16
1f32
Convert 73586 (base 15) to base 2.
1011001010010110111
What is -1101010110010001000001 (base 2) in base 12?
-1208b15
What is -7731304 (base 8) in base 11?
-1199848
What is -2021154 (base 6) in base 11?
-662a6
Convert 441033100 (base 5) to base 9.
3504512
-259130 (base 11) to base 4
-1203132100
-1115721 (base 9) to base 15
-bd257
What is 21616 (base 9) in base 12?
8380
a7840 (base 15) to base 13
158049
b08458 (base 12) to base 8
12376204
What is 8cf98 (base 16) in base 13?
172a9b
What is 74001 (base 16) in base 11?
2a4a83
12213353 (base 6) to base 16
5f6e5
Convert -cbb6 (base 14) to base 10.
-35244
-17612 (base 12) to base 8
-101656
Convert 188670 (base 9) to base 7.
1000533
24704 (base 14) to base 2
10101110001100000
Convert -1766215 (base 8) to base 3.
-222101100200
-13c9e (base 16) to base 12
-3aaa6
21003012011 (base 4) to base 14
45a5c9
-31349a (base 11) to base 10
-502380
What is 211010101011 (base 3) in base 16?
6a51f
What is abb526 (base 15) in base 13?
1909413
1030113000 (base 4) to base 9
526030
78dc4c (base 14) to base 10
4110188
What is 609a9 (base 15) in base 14?
7d6c6
16378 (base 9) to base 13
5174
-791191 (base 14) to base 15
-563c89
What is 1041433 (base 8) in base 11?
180950
Convert -201000112002002 (base 3) to base 11.
-5784025
-33a6a5 (base 11) to base 5
-114304402
133221211 (base 4) to base 2
11111101001100101
b3897 (base 12) to base 14
61695
-21406356 (base 8) to base 10
-4590830
Convert 103355 (base 8) to base 3.
1202101022
Convert -1010110100101011100 (base 2) to base 8.
-1264534
Convert -4619b4 (base 13) to base 8.
-6252763
-91433 (base 12) to base 16
-2e227
Convert 11c064 (base 14) to base 10.
609256
What is -3210314 (base 5) in base 13?
-1b671
503230 (base 8) to base 12
7b960
Convert 1581ac3 (base 14) to base 8.
50130053
What is 14a00 (base 13) in base 11?
27370
3701831 (base 9) to base 4
13222133233
-35a480 (base 11) to base 15
-b3e60
-11021010011110 (base 3) to base 10
-2265852
-320221 (base 6) to base 2
-110010110010101
101126313 (base 7) to base 16
5a1f62
Convert 31121213032 (base 4) to base 14.
676250
What is -236041 (base 7) in base 9?
-64761
a23a1 (base 11) to base 6
3112202
Convert -54b556 (base 14) to base 4.
-22331222220
What is 101100101000111011110100 (base 2) in base 5?
10443431004
1013042112 (base 5) to base 2
111111100000010001011
-211211220021 (base 3) to base 12
-198307
What is 101100002102 (base 3) in base 14?
54208
What is 1033164 (base 7) in base 15?
274d6
Convert -b2c954 